t common factor of n and j?
4
Suppose q = 1, -4*b + b = 5*q - 203. What is the highest common factor of b and 44?
22
Let k(q) = 12*q**2 + 5*q - 3*q - 4*q + 3. Let y be k(4). Calculate the greatest common divisor of y and 17.
17
Suppose 5*y - h - 137 = 0, 5*y - 2*y - 3*h - 75 = 0. What is the greatest common divisor of y and 7?
7
Suppose 0 = 3*d + 2*d - b - 71, 5*d - 4*b = 59. Calculate the greatest common factor of d and 6.
3
Suppose 3*y = 5*u - 158 + 32, 4*u = 2*y + 100. What is the highest common divisor of 12 and u?
12
Let y(n) = n + 4. Let p = 12 - 12. Let a be y(p). Calculate the highest common divisor of a and 4.
4
Suppose 0 = r - 5 + 3. Suppose -3*p = r*p - 275. Calculate the highest common factor of p and 5.
5
Let d = -18 + 19. Calculate the highest common factor of d and 8.
1
Let u be ((-3)/(-4))/((-6)/(-864)). Calculate the highest common factor of u and 27.
27
Suppose 0 = -2*z + 2*j + 54, -2*z - 2*j + 3*j = -51. Suppose z = -5*l + 129. What is the greatest common divisor of 3 and l?
3
Let p = 212 + -79. Calculate the greatest common factor of 7 and p.
7
Let s be 7 + 6 + -3*1. Calculate the greatest common factor of 70 and s.
10
Let l = 0 + 4. Suppose -5*r + l*z - 21 - 65 = 0, 24 = -2*r - z. Let k = r - -30. What is the greatest common divisor of 40 and k?
8
Let i(a) = -2*a - 11. Let t be i(-8). Let v = t + 5. Calculate the greatest common factor of v and 50.
10
Suppose -x + 5*x + a + 4 = 0, 3*a = -12. Suppose t - 7 - 5 = x. Let j = -30 - -42. What is the highest common divisor of j and t?
12
Suppose -16 = -4*w, -2*w + 0*w + 304 = 4*i. Calculate the highest common factor of 37 and i.
37
Let c = 8 + -8. Suppose -4*v = -5*i - 0*i - 123, -4*i + 4 = c. Calculate the highest common factor of v and 4.
4
Let c = -16 - -22. Calculate the greatest common factor of c and 54.
6
Suppose 11 = 4*m - 3*k, 4*k = -15 - 5. Let j = 16 + m. What is the greatest common factor of j and 105?
15
Let r(d) = d**3 - 4*d**2 + 4. Let p be r(4). Suppose 2*g = -5*o + 32, 0*g + g + p*o = 22. Calculate the greatest common divisor of 15 and g.
3
Suppose 5*q - 6 + 18 = -3*z, 0 = 3*z - q - 6. Let s be z/(3 + (-52)/18). What is the greatest common factor of 99 and s?
9
Let m(q) = -q**2 + 21*q - 33. Let a be m(19). Calculate the highest common factor of 5 and a.
5
Let h(o) = -24*o. Let b be h(-2). Suppose -344 = -3*a - 4*r, -3*a - 484 = -7*a + r. What is the highest common factor of a and b?
24
Let q(o) be the first derivative of 2*o**3/3 + o**2/2 + 3*o - 1. Let i be q(3). Calculate the highest common factor of 36 and i.
12
Let s = 5 - 3. Suppose -5*m - 3*p + 93 = 0, 0*m + m = s*p + 16. Calculate the highest common factor of m and 12.
6
Let p(s) = s**2 - 4*s - 7. Let c be p(6). Let i = 17 + 23. Calculate the highest common divisor of c and i.
5
Suppose 3*d - d = -20. Let u = -6 - d. What is the greatest common divisor of u and 8?
4
Let s(q) be the second derivative of q**3/6 + 45*q**2/2 + q. Let p be s(0). Calculate the highest common factor of p and 18.
9
Suppose -l = -4*l + 36. Calculate the highest common divisor of 42 and l.
6
Let b(m) = 10*m. Let w be b(1). Suppose -w*s + 39 = -7*s. Calculate the highest common factor of s and 13.
13
Suppose -3*f + 7 = -227. Suppose 0*d + 5*q = -5*d + 80, -5*d = 4*q - f. Let u(b) = b**2 + b - 7. Let a be u(6). Calculate the greatest common factor of a and d.
7
Let o be 2/3*(1 + 2). Let k be (6/15)/(o/20). Suppose -2*f - 3*g + k = -2*g, -2*g = 3*f - 5. Calculate the highest common divisor of f and 2.
1
Let l = 3 + 0. Suppose 3*j + 6 = -l*y, j + 4 = -j - 5*y. Let h be (2 - (-8)/(-1))*j. What is the greatest common divisor of 6 and h?
6
Let d be (8 - 6)/(4/10). Suppose 0 = -d*l - 4*q + 35, 2*l + 30 = 7*l + 3*q. Let o = 21 - 15. What is the greatest common factor of o and l?
3
Let f(n) = 2*n - 16. Let x(z) = 3*z - 7. Let c be x(6). Let k be f(c). Calculate the highest common factor of k and 15.
3
Let c(g) = 3 + g + 0*g - 6. Let m be c(5). Suppose 4*j = 5*r - 78, -m*j + 4*j - 60 = -3*r. Calculate the greatest common factor of r and 9.
9
Let h(m) = 6*m**2 - m - 1. Let l be h(-1). Let v be (2/4)/(2/(-24)). Let y be (-60)/(-35)*(-21)/v. Calculate the highest common divisor of y and l.
6
Suppose 3*n - 32 = -2. Let g = 110 - n. What is the greatest common divisor of 40 and g?
20
Let z = 94 + -91. What is the highest common factor of 66 and z?
3
Let b be ((-8)/(-3))/(10/45). Calculate the highest common divisor of b and 48.
12
Suppose 2*g = 358 - 6. Calculate the greatest common factor of 22 and g.
22
Let x be (-9)/(-6)*408/9. What is the greatest common factor of x and 34?
34
Suppose 4*k = -i + 301, 5*k - 3*k = 2. Calculate the greatest common factor of 33 and i.
33
Let o(x) = x**2 - 2*x + 3. Let z be o(2). Let v be 26 + -24 - 5*-2. Calculate the greatest common divisor of z and v.
3
Let t = 37 - -55. Let f be 6/9 + t/6. Calculate the greatest common divisor of f and 2.
2
Let g(n) = -37*n - 105. Let a be g(-10). Calculate the highest common divisor of a and 106.
53
Suppose 3*i = 4*i + 3*d - 23, -3*i + 5*d = 1. Calculate the highest common divisor of 72 and i.
8
Let v be (-20)/1*(-1 + 0). Let k be 24/v*20/6. Suppose -3*d = k*x - 326, -2 = 2*x - 0. Calculate the highest common factor of 10 and d.
10
Let p be (210/(-15))/(0 - 4/34). Calculate the greatest common divisor of p and 51.
17
Let r be 6/(-3*(-6)/117). Suppose -4*i + 7 + 1 = 0. Suppose -13 = -2*b - i*o + r, 52 = 2*b - o. What is the greatest common divisor of 13 and b?
13
Let g be 1*5*(-2)/(-5). Suppose -2*w = g + 2. Let n be w/(-4) + (-285)/(-6). Calculate the greatest common divisor of n and 32.
16
Suppose 0*g - 41 = -g + q, g - 29 = 5*q. Suppose -2*j + 3 = -5. What is the greatest common factor of g and j?
4
Let l = 17 - 5. Let f(x) = -x**2 - 13*x + 2. Let n be f(-13). Let h be 3 + 23/1 - n. Calculate the greatest common divisor of l and h.
12
Let b(h) = -h**3 - 7*h**2 - 7*h. Let v be b(-6). Let j be (2 + -1)*(1 + 17). What is the greatest common factor of j and v?
6
Let r = 2 + 3. Let g(t) = -t**2 - 34*t + 7. Let h be g(-33). What is the greatest common factor of r and h?
5
Suppose a + 120 = 2*u - a, 4*a + 128 = 2*u. What is the greatest common divisor of 7 and u?
7
Let n(l) = 10*l + 3*l + 8*l - 11*l. Let q be n(6). Let f be (-9)/12*1*-32. Calculate the greatest common divisor of q and f.
12
Suppose 75 = -2*s + 5*s + j, -4*s + 84 = -4*j. Calculate the greatest common factor of s and 36.
12
Suppose -102 = -4*u + 138. Suppose u = 2*g + g. Calculate the highest common factor of 8 and g.
4
Let u be ((-35)/(-20))/((-1)/(-52)). Let n(r) = 4*r - 11. Let i be n(6). Calculate the highest common factor of i and u.
13
Suppose -13 = -2*q + 1. Let j(i) = 15*i**2 - i - 2. Let x be j(2). Calculate the greatest common factor of x and q.
7
Suppose 0*u - 20 = -2*u. Calculate the greatest common divisor of 80 and u.
10
Suppose -27 = -q + 3*x, 2*q - 4*q = 3*x - 9. Calculate the greatest common factor of q and 324.
12
Suppose 4 = -0*o + 2*o. Suppose 4*d - 2 = 94. Suppose 4*c = -o*t + 34, 7*t - d = 5*t + c. Calculate the greatest common divisor of t and 104.
13
Let v = 177 + -12. Calculate the highest common divisor of v and 15.
15
Let n(v) = -5*v - 22. Let u be n(-9). Calculate the greatest common factor of u and 69.
23
Suppose 0 = i - 3*i - 3*p + 73, 0 = i + 4*p - 39. Let w = -15 + i. What is the greatest common factor of w and 50?
10
Let z(m) = -m**3 + 6*m**2 - 5*m - 1. Let j be z(5). Let k be (-123)/(-9) + (-6)/9. Let h be k*j*(2 + -3). Calculate the greatest common divisor of h and 91.
13
Suppose 4*c + 3*f = 40, c - 2 = f + 1. Let a = c + 58. What is the highest common factor of 26 and a?
13
Suppose -h + 1 = -0*h, -5*h = -4*m + 19. Let q(r) = -12*r - 4. Let d be q(-4). Let c be (m/8)/(1/d). What is the highest common divisor of 22 and c?
11
Suppose -2 = 4*l - 6. Let r(u) = u + 2. Let p be r(0). Let f = 1 + p. Calculate the greatest common factor of l and f.
1
Let o = 27 + -6. Let b = 473 - 242. What is the greatest common divisor of o and b?
21
Let r(s) = 3*s - 21. Let c be r(9). Calculate the greatest common divisor of c and 12.
6
Let j = 4 - 0. Let r be (70/(-4))/((-2)/j). What is the greatest common factor of 7 and r?
7
Suppose -4*g + 8 = x - 2, 13 = g - 5*x. Suppose -2*i = -q - 4*i + 90, 4*